{"id":503,"date":"2021-02-22T10:17:17","date_gmt":"2021-02-22T09:17:17","guid":{"rendered":"https:\/\/il-telaio.it\/?page_id=503"},"modified":"2026-02-25T10:02:40","modified_gmt":"2026-02-25T09:02:40","slug":"in-primo-piano","status":"publish","type":"page","link":"https:\/\/il-telaio.it\/","title":{"rendered":"In primo piano"},"content":{"rendered":"<p><a href=\"https:\/\/il-telaio.it\/wp-content\/uploads\/2026\/02\/IL-TELAIO-Homepage-bozza.pdf\" target=\"_blank\" rel=\"noopener\"><img loading=\"lazy\" decoding=\"async\" class=\"size-large wp-image-1192 aligncenter\" src=\"https:\/\/il-telaio.it\/wp-content\/uploads\/2026\/02\/IL_TELAIO_Homepage--683x1024.jpg\" alt=\"\" width=\"683\" height=\"1024\" srcset=\"https:\/\/il-telaio.it\/wp-content\/uploads\/2026\/02\/IL_TELAIO_Homepage--683x1024.jpg 683w, https:\/\/il-telaio.it\/wp-content\/uploads\/2026\/02\/IL_TELAIO_Homepage--200x300.jpg 200w, https:\/\/il-telaio.it\/wp-content\/uploads\/2026\/02\/IL_TELAIO_Homepage--768x1151.jpg 768w, https:\/\/il-telaio.it\/wp-content\/uploads\/2026\/02\/IL_TELAIO_Homepage-.jpg 800w\" sizes=\"auto, (max-width: 683px) 100vw, 683px\" \/><\/a><\/p>\n","protected":false},"excerpt":{"rendered":"","protected":false},"author":1,"featured_media":0,"parent":0,"menu_order":0,"comment_status":"closed","ping_status":"closed","template":"","meta":{"footnotes":""},"class_list":["post-503","page","type-page","status-publish","hentry"],"yoast_head":"<!-- This site is optimized with the Yoast SEO plugin v27.3 - https:\/\/yoast.com\/product\/yoast-seo-wordpress\/ -->\n<title>In primo piano - Telaio Associazione Culturale Cultura Brunico Incontri con l\u2019autore autori Lirica Operetta Teatro Danza Storia Alto Adige<\/title>\n<meta name=\"description\" content=\"IL TELAIO \u00e8 la pi\u00f9 attiva associazione culturale di lingua italiana di Brunico. La sua attivit\u00e0 spazia fin dal 1984, anno della fondazione, dalla musica nelle sue pi\u00f9 varie espressioni agli incontri letterari, dalla danza al teatro, alle conferenze.\" \/>\n<meta name=\"robots\" content=\"index, follow, max-snippet:-1, max-image-preview:large, max-video-preview:-1\" \/>\n<link rel=\"canonical\" href=\"https:\/\/il-telaio.it\/\" \/>\n<meta property=\"og:locale\" content=\"it_IT\" \/>\n<meta property=\"og:type\" content=\"article\" \/>\n<meta property=\"og:title\" content=\"In primo piano - Telaio Associazione Culturale Cultura Brunico Incontri con l\u2019autore autori Lirica Operetta Teatro Danza Storia Alto Adige\" \/>\n<meta property=\"og:description\" content=\"IL TELAIO \u00e8 la pi\u00f9 attiva associazione culturale di lingua italiana di Brunico. La sua attivit\u00e0 spazia fin dal 1984, anno della fondazione, dalla musica nelle sue pi\u00f9 varie espressioni agli incontri letterari, dalla danza al teatro, alle conferenze.\" \/>\n<meta property=\"og:url\" content=\"https:\/\/il-telaio.it\/\" \/>\n<meta property=\"article:modified_time\" content=\"2026-02-25T09:02:40+00:00\" \/>\n<meta property=\"og:image\" content=\"https:\/\/il-telaio.it\/wp-content\/uploads\/2026\/02\/IL_TELAIO_Homepage-.jpg\" \/>\n\t<meta property=\"og:image:width\" content=\"800\" \/>\n\t<meta property=\"og:image:height\" content=\"1199\" \/>\n\t<meta property=\"og:image:type\" content=\"image\/jpeg\" \/>\n<meta name=\"twitter:card\" content=\"summary_large_image\" \/>\n<meta name=\"twitter:label1\" content=\"Tempo di lettura stimato\" \/>\n\t<meta name=\"twitter:data1\" content=\"1 minuto\" \/>\n<script type=\"application\/ld+json\" class=\"yoast-schema-graph\">{\"@context\":\"https:\\\/\\\/schema.org\",\"@graph\":[{\"@type\":\"WebPage\",\"@id\":\"https:\\\/\\\/il-telaio.it\\\/\",\"url\":\"https:\\\/\\\/il-telaio.it\\\/\",\"name\":\"In primo piano - Telaio Associazione Culturale Cultura Brunico Incontri con l\u2019autore autori Lirica Operetta Teatro Danza Storia Alto Adige\",\"isPartOf\":{\"@id\":\"https:\\\/\\\/il-telaio.it\\\/#website\"},\"primaryImageOfPage\":{\"@id\":\"https:\\\/\\\/il-telaio.it\\\/#primaryimage\"},\"image\":{\"@id\":\"https:\\\/\\\/il-telaio.it\\\/#primaryimage\"},\"thumbnailUrl\":\"https:\\\/\\\/il-telaio.it\\\/wp-content\\\/uploads\\\/2026\\\/02\\\/IL_TELAIO_Homepage--683x1024.jpg\",\"datePublished\":\"2021-02-22T09:17:17+00:00\",\"dateModified\":\"2026-02-25T09:02:40+00:00\",\"description\":\"IL TELAIO \u00e8 la pi\u00f9 attiva associazione culturale di lingua italiana di Brunico. La sua attivit\u00e0 spazia fin dal 1984, anno della fondazione, dalla musica nelle sue pi\u00f9 varie espressioni agli incontri letterari, dalla danza al teatro, alle conferenze.\",\"breadcrumb\":{\"@id\":\"https:\\\/\\\/il-telaio.it\\\/#breadcrumb\"},\"inLanguage\":\"it-IT\",\"potentialAction\":[{\"@type\":\"ReadAction\",\"target\":[\"https:\\\/\\\/il-telaio.it\\\/\"]}]},{\"@type\":\"ImageObject\",\"inLanguage\":\"it-IT\",\"@id\":\"https:\\\/\\\/il-telaio.it\\\/#primaryimage\",\"url\":\"https:\\\/\\\/il-telaio.it\\\/wp-content\\\/uploads\\\/2026\\\/02\\\/IL_TELAIO_Homepage-.jpg\",\"contentUrl\":\"https:\\\/\\\/il-telaio.it\\\/wp-content\\\/uploads\\\/2026\\\/02\\\/IL_TELAIO_Homepage-.jpg\",\"width\":800,\"height\":1199},{\"@type\":\"BreadcrumbList\",\"@id\":\"https:\\\/\\\/il-telaio.it\\\/#breadcrumb\",\"itemListElement\":[{\"@type\":\"ListItem\",\"position\":1,\"name\":\"Home\",\"item\":\"https:\\\/\\\/il-telaio.it\\\/\"},{\"@type\":\"ListItem\",\"position\":2,\"name\":\"In primo piano\"}]},{\"@type\":\"WebSite\",\"@id\":\"https:\\\/\\\/il-telaio.it\\\/#website\",\"url\":\"https:\\\/\\\/il-telaio.it\\\/\",\"name\":\"\",\"description\":\"\",\"potentialAction\":[{\"@type\":\"SearchAction\",\"target\":{\"@type\":\"EntryPoint\",\"urlTemplate\":\"https:\\\/\\\/il-telaio.it\\\/?s={search_term_string}\"},\"query-input\":{\"@type\":\"PropertyValueSpecification\",\"valueRequired\":true,\"valueName\":\"search_term_string\"}}],\"inLanguage\":\"it-IT\"}]}<\/script>\n<!-- \/ Yoast SEO plugin. -->","yoast_head_json":{"title":"In primo piano - Telaio Associazione Culturale Cultura Brunico Incontri con l\u2019autore autori Lirica Operetta Teatro Danza Storia Alto Adige","description":"IL TELAIO \u00e8 la pi\u00f9 attiva associazione culturale di lingua italiana di Brunico. La sua attivit\u00e0 spazia fin dal 1984, anno della fondazione, dalla musica nelle sue pi\u00f9 varie espressioni agli incontri letterari, dalla danza al teatro, alle conferenze.","robots":{"index":"index","follow":"follow","max-snippet":"max-snippet:-1","max-image-preview":"max-image-preview:large","max-video-preview":"max-video-preview:-1"},"canonical":"https:\/\/il-telaio.it\/","og_locale":"it_IT","og_type":"article","og_title":"In primo piano - Telaio Associazione Culturale Cultura Brunico Incontri con l\u2019autore autori Lirica Operetta Teatro Danza Storia Alto Adige","og_description":"IL TELAIO \u00e8 la pi\u00f9 attiva associazione culturale di lingua italiana di Brunico. La sua attivit\u00e0 spazia fin dal 1984, anno della fondazione, dalla musica nelle sue pi\u00f9 varie espressioni agli incontri letterari, dalla danza al teatro, alle conferenze.","og_url":"https:\/\/il-telaio.it\/","article_modified_time":"2026-02-25T09:02:40+00:00","og_image":[{"width":800,"height":1199,"url":"https:\/\/il-telaio.it\/wp-content\/uploads\/2026\/02\/IL_TELAIO_Homepage-.jpg","type":"image\/jpeg"}],"twitter_card":"summary_large_image","twitter_misc":{"Tempo di lettura stimato":"1 minuto"},"schema":{"@context":"https:\/\/schema.org","@graph":[{"@type":"WebPage","@id":"https:\/\/il-telaio.it\/","url":"https:\/\/il-telaio.it\/","name":"In primo piano - Telaio Associazione Culturale Cultura Brunico Incontri con l\u2019autore autori Lirica Operetta Teatro Danza Storia Alto Adige","isPartOf":{"@id":"https:\/\/il-telaio.it\/#website"},"primaryImageOfPage":{"@id":"https:\/\/il-telaio.it\/#primaryimage"},"image":{"@id":"https:\/\/il-telaio.it\/#primaryimage"},"thumbnailUrl":"https:\/\/il-telaio.it\/wp-content\/uploads\/2026\/02\/IL_TELAIO_Homepage--683x1024.jpg","datePublished":"2021-02-22T09:17:17+00:00","dateModified":"2026-02-25T09:02:40+00:00","description":"IL TELAIO \u00e8 la pi\u00f9 attiva associazione culturale di lingua italiana di Brunico. La sua attivit\u00e0 spazia fin dal 1984, anno della fondazione, dalla musica nelle sue pi\u00f9 varie espressioni agli incontri letterari, dalla danza al teatro, alle conferenze.","breadcrumb":{"@id":"https:\/\/il-telaio.it\/#breadcrumb"},"inLanguage":"it-IT","potentialAction":[{"@type":"ReadAction","target":["https:\/\/il-telaio.it\/"]}]},{"@type":"ImageObject","inLanguage":"it-IT","@id":"https:\/\/il-telaio.it\/#primaryimage","url":"https:\/\/il-telaio.it\/wp-content\/uploads\/2026\/02\/IL_TELAIO_Homepage-.jpg","contentUrl":"https:\/\/il-telaio.it\/wp-content\/uploads\/2026\/02\/IL_TELAIO_Homepage-.jpg","width":800,"height":1199},{"@type":"BreadcrumbList","@id":"https:\/\/il-telaio.it\/#breadcrumb","itemListElement":[{"@type":"ListItem","position":1,"name":"Home","item":"https:\/\/il-telaio.it\/"},{"@type":"ListItem","position":2,"name":"In primo piano"}]},{"@type":"WebSite","@id":"https:\/\/il-telaio.it\/#website","url":"https:\/\/il-telaio.it\/","name":"","description":"","potentialAction":[{"@type":"SearchAction","target":{"@type":"EntryPoint","urlTemplate":"https:\/\/il-telaio.it\/?s={search_term_string}"},"query-input":{"@type":"PropertyValueSpecification","valueRequired":true,"valueName":"search_term_string"}}],"inLanguage":"it-IT"}]}},"_links":{"self":[{"href":"https:\/\/il-telaio.it\/index.php\/wp-json\/wp\/v2\/pages\/503","targetHints":{"allow":["GET"]}}],"collection":[{"href":"https:\/\/il-telaio.it\/index.php\/wp-json\/wp\/v2\/pages"}],"about":[{"href":"https:\/\/il-telaio.it\/index.php\/wp-json\/wp\/v2\/types\/page"}],"author":[{"embeddable":true,"href":"https:\/\/il-telaio.it\/index.php\/wp-json\/wp\/v2\/users\/1"}],"replies":[{"embeddable":true,"href":"https:\/\/il-telaio.it\/index.php\/wp-json\/wp\/v2\/comments?post=503"}],"version-history":[{"count":149,"href":"https:\/\/il-telaio.it\/index.php\/wp-json\/wp\/v2\/pages\/503\/revisions"}],"predecessor-version":[{"id":1189,"href":"https:\/\/il-telaio.it\/index.php\/wp-json\/wp\/v2\/pages\/503\/revisions\/1189"}],"wp:attachment":[{"href":"https:\/\/il-telaio.it\/index.php\/wp-json\/wp\/v2\/media?parent=503"}],"curies":[{"name":"wp","href":"https:\/\/api.w.org\/{rel}","templated":true}]}}